(j) = 6*j**2 - 1. What is n(x)?
5
Suppose 0*y - 4*h - 24 = -2*y, -h = 5*y - 16. Let v(g) = -111*g - 1 + 214*g + 2 - 102*g. Let r(x) = -5*x - 4. Let i(n) = y*v(n) + r(n). Determine i(2).
-2
Let m(h) = h. Let l(w) = 2*w + 1. Let o(d) = d**2 - 3*d. Let s be o(2). Suppose 4*c + 2*i + 11 = 5*c, 4*c - 35 = 5*i. Let q(a) = c*m(a) + s*l(a). What is q(0)?
-2
Let z = 12 - 23. Let a(f) = 6*f**2 - 5*f. Let s(c) = -c**2 - c. Let y(g) = -a(g) + 2*s(g). Let h(l) = -3*l**2 + l. Let m(w) = z*h(w) + 4*y(w). Give m(0).
0
Suppose 12 = 5*s + 3*b, s - 5*b - 7 = 1. Let w(u) = -2*u**3 + 3*u**3 + 5*u**s - u + u**2. What is w(1)?
6
Let i(k) = -k + 10. Let m be (-5 - -2)/3*0. Let b be (-3 - 4)*(0 + -1 + m). What is i(b)?
3
Let q(l) = -13*l + 1. Suppose -42 = -2*y + 4. Let i(r) = -r**3 + 14*r**2 + 21*r. Let h be i(-2). Let z = h - y. What is q(z)?
14
Let c = 17 - 8. Let f(b) = 2*b - 18. Let j be f(c). Let q(v) = -v**2 + v. Determine q(j).
0
Let k(g) = -1 + 4 + 39*g - 74*g - g**2 + 32*g. Suppose -4*x - 24 = -0*x. Calculate k(x).
-15
Let y(q) = -q + 3. Let j be y(1). Let u(x) = x - 15*x + 4*x + j*x. Calculate u(-1).
8
Let i(d) = 2*d**3 + d**2 + d. Let z(o) be the second derivative of o**5/20 + 13*o**4/12 - o**2/2 - 30*o. Let h be z(-13). Calculate i(h).
-2
Let i(p) = p - 12. Let m(f) = -f**3 + 8*f**2 + 22*f - 10. Let t be m(10). Determine i(t).
-2
Suppose 3*c - 19 + 1 = 0. Let x(m) = -m**3 - 9 - 6*m**2 - 3*m - m + 1 + 13*m**2. Give x(c).
4
Suppose -4*c - 12 = 3*x, 0 = -29*x + 26*x + 3*c - 12. Let s(j) = -5*j. What is s(x)?
20
Let a(o) = o + 7. Suppose 0 = -9*v - 7*v. What is a(v)?
7
Suppose 4*z + t + 495 = 0, -5*z - 4*t = -2*z + 368. Let l = z - -123. Let f(s) = 4*s + 1. What is f(l)?
-3
Let r = 205 - 211. Let k(y) = y**2 + 8*y + 3. Calculate k(r).
-9
Let v(g) be the second derivative of g**6/240 - g**5/20 + g**4/6 + 3*g. Let l(m) be the third derivative of v(m). Give l(4).
6
Suppose -12*o = -7*o - 25. Suppose -r - 4 = 3*l, 0*l = -l + o*r + 20. Let x(q) = q + 4. Give x(l).
4
Let c(i) be the second derivative of -i**3/3 - 3*i**2 + 382*i. Suppose -3*p - 1 = -4*p. Let w be (p - 4)*(-8)/(-6). Calculate c(w).
2
Let f be (20/(-5) - 0)/(-1). Let v be 1 - 1 - (0 - 0). Let c(w) = 2 + v*w - 5 - w + f. Calculate c(0).
1
Let k(y) = y**2 - y - 4. Let a(u) = u**2 - 38*u + 215. Let s be a(7). Give k(s).
2
Let v = 420 + -425. Let s(t) = -2*t + 9. Give s(v).
19
Let c(y) be the second derivative of 3*y**3 + 41*y**2 - 208*y. Calculate c(-5).
-8
Let g be (110/(-33))/((-2)/12). Suppose 3*b - 8 - 2 = 5*h, 2*h + 2*b + g = 0. Let l(p) = p**3 + 4*p**2 - 6*p + 5. Calculate l(h).
10
Let c(r) = r**2 + 8*r + 6. Let s(g) = g + 15. Let f be s(-21). Give c(f).
-6
Suppose 2*x - 273 = -5*x. Let r = 41 - x. Let w(j) = 2*j**3 - 3*j**2 + 3*j - 2. Calculate w(r).
8
Suppose 5*i = 8 - 38. Let p(g) be the second derivative of 3*g**2 + 0 - 55*g + 1/2*g**3. Give p(i).
-12
Let d(p) = -6*p - 7. Let j(n) = n. Let l(w) = -d(w) - 5*j(w). What is l(0)?
7
Let x(c) = 53*c - 5. Let k(b) = 20*b - 2. Let y(p) = 8*k(p) - 3*x(p). Calculate y(2).
1
Let v(t) = -t + 3. Let z = 9 + -9. Suppose 5*l - 52 = 3*n, 0 = -z*l + 4*l - 20. Let k be (n - -3)/(2/(-2)). Give v(k).
-3
Let d(j) = 6*j. Let u(z) = z**2 - 4. Suppose -1 - 5 = 2*n. Let x be u(n). Suppose 2*f = -x*y - 7, -5*f + 4*y + 2 = 3. Give d(f).
-6
Let j(z) be the second derivative of -1/3*z**3 + 0*z**2 - 31*z + 0. What is j(3)?
-6
Let h(l) = -2*l + 3. Let q(u) = 9*u - 3. Let p(c) = 5*h(c) + q(c). What is p(11)?
1
Let n be (-20)/(1 - ((-6)/(-1) + -4)). Let z(d) = -d + 23. Calculate z(n).
3
Let c(h) = -h**2 - 5*h - 1. Let i(a) = a**2 - a - 17. Let r be i(4). Determine c(r).
-1
Let g(r) = r**3 - r**2 - 13*r - 1. Let i(c) = -c**3 + c**2 + 7*c + 1. Let j(a) = 3*g(a) + 5*i(a). What is j(2)?
-14
Let a(r) = 2*r**3 - 3*r**2 - 6*r + 5. Let s(g) = 3*g**3 - 7*g**2 - 13*g + 11. Let o(u) = 9*a(u) - 4*s(u). What is o(1)?
6
Suppose 16*n - 4*n = 0. Let q(x) = -7 + 5*x**2 + x**3 - 5*x + n*x**3 + 7. Determine q(-6).
-6
Let o(y) = -2*y**3 - y + y**2 + 2*y**2 + 3 + 3*y**3. Suppose -5*q + 2*j = 100 - 86, 16 = -q - 4*j. What is o(q)?
-9
Suppose -l = 5*m - 4, -2*l + 249 = 3*m + 255. Let q(x) = 0*x**2 - 6 - x**3 + 0*x**2 - 5*x**2 + 6*x. Calculate q(l).
-6
Let i(w) = 28*w + 48. Let t(g) = -19*g - 34. Let u(o) = 5*i(o) + 7*t(o). What is u(5)?
37
Let v be -4*4/32*-2. Let o be v + (-2 + 6)/4. Let b(g) = g**2 + 2*g - 4*g + o + g + 3*g. Calculate b(-3).
5
Let t = 38 - 35. Let z(v) = -2*v - 12*v**3 + 28*v**3 - 1 - 5*v**t - 10*v**3. Calculate z(-2).
-5
Let u = 29 - 31. Let q(w) = -w**2 - 7*w - 6. Let n be q(-4). Let c be u/(-6) - n/(-9). Let v(d) = 5*d**3 + 2*d - 1. Give v(c).
6
Suppose 5*s - 3*m = -8*m + 20, -3*m = -9. Let d(k) = k**2 - 5*k - 3. Let q be d(6). Let p(z) = -z**3 - 3*z**3 - 5*z**q. Calculate p(s).
-9
Let r(j) = 2*j**2 - 19*j + 29. Let z be r(7). Let s(m) = 5*m + 12. Determine s(z).
-18
Let n(x) be the second derivative of x**3/6 - 7*x**2 - 27*x. Calculate n(0).
-14
Let p(k) = -7*k**3 - 2 + 3*k - 4*k**3 - 4*k**2 - 2*k**3 + 14*k**3. Let u = -4 + 8. Give p(u).
10
Let c(u) = 2*u**2 + 27*u - 55. Let a be c(-15). Let h(f) be the first derivative of f**2/2 + 7*f - 1. Determine h(a).
-3
Let i(z) = 4*z**2 + z + 5. Let l be i(-4). Let n = -59 + l. Let v(p) = p**2 - 2*p - 5. Calculate v(n).
19
Let t(z) be the first derivative of z**3/3 - z**2/2 - 3*z - 2. Let i = 4811 - 4806. Give t(i).
17
Let h(m) = -3*m - 16. Suppose 231 = -165*c + 132*c. Calculate h(c).
5
Let p(z) = 3*z**2 - 13*z - 16. Let n(d) = -d**2 + 4*d + 5. Let j be (-3)/((-90)/206) - (-6)/45. Let m(o) = j*n(o) + 2*p(o). Determine m(5).
-12
Let q(w) = 2*w - 10. Let n = -212 - -220. What is q(n)?
6
Let b = 49 + -94. Let q be (20/(-6))/(30/b). Suppose q*v - 3 = 2*g + 2*g, -3*v + 3 = -3*g. Let o(w) = -w**3 - 3*w**2 - 3*w - 1. Give o(g).
1
Let c(s) = -374*s - 375*s + 742*s. What is c(2)?
-14
Let f(q) be the third derivative of q**5/60 - q**4/3 - 5*q**3/6 - 76*q**2. Calculate f(9).
4
Let g be (-5)/75*-5*0. Let u(y) be the first derivative of g*y - 1 + 1/2*y**2. Calculate u(-1).
-1
Suppose 14 = 13*z + 27. Let m(h) = 17*h - 1. What is m(z)?
-18
Suppose 26*q + 123 = -33. Let a(n) = 9*n + 4. What is a(q)?
-50
Suppose -1093*o + 14 = -1092*o. Let d(h) = h - 12. Determine d(o).
2
Let t(g) = 2*g - 11372 + 11380 - g. What is t(-6)?
2
Let k be (-2)/(-10) - (238/(-35) + 4). Let d(l) be the second derivative of 0 + 0*l**k + 0*l**4 - 2*l - 7/2*l**2 - 1/20*l**5. Calculate d(0).
-7
Suppose -16 - 10 = -13*n. Let y(r) = 3*r**2 - 22*r + 26*r - 4*r**n. What is y(3)?
3
Let q be (-4)/22 - (-175)/55. Let d = -9 + q. Let u(z) = z**3 + 6*z**2 + 2*z + 3. Calculate u(d).
-9
Let q(c) be the second derivative of -c**4/12 - 4*c**3/3 - c**2/2 + 159*c. What is q(-9)?
-10
Let d(b) = 7 + b + 5*b - 3*b - b**2. Let m be d(4). Let r(y) = y**3 - 3*y**2 + y + 2. Let h be r(m). Let z(l) = -l**2 + 2*l + 4. Calculate z(h).
-11
Suppose -69 = -19*r + 7. Let k(u) = u. Let c(p) = 2*p**2 - p - 5. Let g(s) = -c(s) + 3*k(s). Determine g(r).
-11
Let t = -470 - -476. Let a(z) = z**3 - 5*z**2 - 5*z + 2. Calculate a(t).
8
Let u be 1*(2 + 0/(-3)). Let c(x) = u - 20*x + 10*x + 11*x. Let w = 25 + -30. Calculate c(w).
-3
Let r(a) be the second derivative of a**5/20 - 5*a**4/12 - 5*a**2/2 - 17*a - 9. Give r(4).
-21
Let w(b) = -b**2. Let l be (-4 - -2)/(7/(-14)). Suppose 0 = -2*m - 3*u - 12, 6*m - l = 3*m + u. What is w(m)?
0
Suppose -4*b = 2*h + 28, 4*b - 2*b + 10 = 0. Let p(g) be the third derivative of -1/15*g**5 + 0*g + 0*g**4 - 5/6*g**3 - 1/120*g**6 - g**2 + 0. What is p(h)?
-5
Let x(i) = -3*i + 4 - 10 - 6 - 5. Calculate x(0).
-17
Let p(r) = 2*r**2 + 2*r - 6. Let g be -13 + (-11)/((-44)/36). Give p(g).
18
Let a(b) = -b. Let y(k) = -6 - 4*k + 9*k - 2. Let o(h) = -4*a(h) - y(h). Let z be 2/4*(15 + -15)/14. Calculate o(z).
8
Suppose 0*h + 5*h = 5*j - 10, 0 = -4*j + 5*h + 4. Let a(p) = -p**2 + 6*p. Determine a(j).
0
Suppose 40 = 296*p - 286*p. Let c(x) = -3*x - 6. Let l(i) = -i - 1. Let r(m) = c(m) - 4*l(m). Give r(p).
2
Let s = 6 - -2. Suppose 5*o + 9 = s*o. Let m(v) = 0*v**3 + v**3 + 1 + 87*v - 88*v - 4*v**2 - 2 + 0. What is m(o)?
-13
Let y(d) = d + 1. Let u = -26 + 17. What is y(u)?
-8
Let j(g) be the third derivative of g**6/120 - g**5/15 - g**4/6 - 7*g**3/6 - 71*g**2 + 1. Calculate j(5).
-2
Let i(b)